s divided by 34188?
1411
What is the remainder when 16346884 is divided by 106?
94
Calculate the remainder when 12555 is divided by 370.
345
What is the remainder when 277246 is divided by 5?
1
What is the remainder when 1543616 is divided by 46776?
8
What is the remainder when 20208472 is divided by 10104235?
2
What is the remainder when 501999 is divided by 713?
47
Calculate the remainder when 12044 is divided by 1203.
14
Calculate the remainder when 4837712 is divided by 53.
31
Calculate the remainder when 734206 is divided by 3399.
22
What is the remainder when 12294 is divided by 1493?
350
What is the remainder when 41548 is divided by 2792?
2460
What is the remainder when 55479657 is divided by 22654?
11
What is the remainder when 2883749 is divided by 65537?
121
What is the remainder when 59650 is divided by 2209?
7
What is the remainder when 302658 is divided by 30202?
638
Calculate the remainder when 12400798 is divided by 5.
3
Calculate the remainder when 6137924 is divided by 7606.
7488
What is the remainder when 8740056 is divided by 1141?
1137
Calculate the remainder when 1409321 is divided by 981.
605
Calculate the remainder when 943773 is divided by 20515.
83
Calculate the remainder when 64216 is divided by 1141.
320
What is the remainder when 83575 is divided by 41632?
311
Calculate the remainder when 42667 is divided by 509.
420
Calculate the remainder when 10534129 is divided by 1354.
9
What is the remainder when 16572615 is divided by 47?
39
What is the remainder when 1679686 is divided by 559843?
157
What is the remainder when 1101865 is divided by 183640?
25
What is the remainder when 279607947 is divided by 2025?
2022
What is the remainder when 36577137 is divided by 271?
267
Calculate the remainder when 28739353 is divided by 9579763.
64
Calculate the remainder when 5265554 is divided by 296.
10
Calculate the remainder when 234260 is divided by 4593.
17
What is the remainder when 243813 is divided by 5868?
3225
What is the remainder when 2677239 is divided by 21?
12
Calculate the remainder when 8188099 is divided by 5222.
3
What is the remainder when 55226592 is divided by 110?
102
Calculate the remainder when 2278725 is divided by 3309.
2133
Calculate the remainder when 893497 is divided by 446717.
63
What is the remainder when 72024 is divided by 899?
104
Calculate the remainder when 6604585 is divided by 92.
89
What is the remainder when 16016310 is divided by 706?
700
What is the remainder when 273916 is divided by 776?
764
What is the remainder when 1055316 is divided by 2176?
2132
What is the remainder when 105079 is divided by 33980?
3139
What is the remainder when 1617296 is divided by 2317?
30
Calculate the remainder when 21472302 is divided by 10736119.
64
What is the remainder when 3524616 is divided by 110144?
8
Calculate the remainder when 11044199 is divided by 3681331.
206
Calculate the remainder when 160612 is divided by 150.
112
Calculate the remainder when 321249 is divided by 154.
5
Calculate the remainder when 3655767 is divided by 350.
17
Calculate the remainder when 231014633 is divided by 292.
1
What is the remainder when 481253 is divided by 354?
167
Calculate the remainder when 689770 is divided by 114737.
1348
Calculate the remainder when 1067334 is divided by 1067287.
47
Calculate the remainder when 24125 is divided by 11445.
1235
Calculate the remainder when 865341 is divided by 865308.
33
What is the remainder when 789605 is divided by 4997?
79
What is the remainder when 2987576 is divided by 859?
833
What is the remainder when 6401025 is divided by 3200501?
23
Calculate the remainder when 1869404914 is divided by 119.
118
Calculate the remainder when 9830102 is divided by 3276696.
14
Calculate the remainder when 910458 is divided by 2079.
1935
What is the remainder when 1574132 is divided by 196742?
196
What is the remainder when 2632843 is divided by 82273?
107
What is the remainder when 92780 is divided by 3363?
1979
What is the remainder when 99676019 is divided by 31?
14
What is the remainder when 27787872 is divided by 6?
0
What is the remainder when 823683 is divided by 260?
3
What is the remainder when 483062 is divided by 514?
416
What is the remainder when 3191085 is divided by 65124?
9
Calculate the remainder when 36469273 is divided by 13.
9
What is the remainder when 945398 is divided by 2055?
98
Calculate the remainder when 485321 is divided by 161698.
227
Calculate the remainder when 5250476 is divided by 46.
36
What is the remainder when 37735 is divided by 37561?
174
Calculate the remainder when 70760867 is divided by 102.
101
What is the remainder when 4168627 is divided by 199?
174
Calculate the remainder when 792832 is divided by 88071.
193
What is the remainder when 4235465 is divided by 1058861?
21
What is the remainder when 15060134 is divided by 48?
38
Calculate the remainder when 8343072 is divided by 1202.
1192
What is the remainder when 348675 is divided by 116172?
159
Calculate the remainder when 51235012 is divided by 344.
340
Calculate the remainder when 145247398 is divided by 950.
948
Calculate the remainder when 2179613 is divided by 29.
2
What is the remainder when 332496 is divided by 266?
262
What is the remainder when 4863 is divided by 4074?
789
What is the remainder when 2724093 is divided by 942?
771
Calculate the remainder when 300142 is divided by 37516.
14
Calculate the remainder when 4717845 is divided by 200.
45
What is the remainder when 111746 is divided by 148?
6
Calculate the remainder when 7340970 is divided by 45.
30
What is the remainder when 919808 is divided by 146?
8
What is the remainder when 70482 is divided by 185?
182
What is the remainder when 1614221 is divided by 9068?
117
What is the remainder when 2451571 is divided by 222857?
144
Calculate the remainder when 2249260 is divided by 249910.
70
What is the remainder when 568219 is divided by 94703?
1
What is the remainder when 149069877 is divided by 18?
15
Calculate the remainder when 4107648 is divided by 59529.
147
What is the remainder when 9396746 is divided by 18?
8
What is the remainder when 133981648 is divided by 3190039?
10
Calculate the remainder when 153595314 is divided by 30719062.
4
Calculate the remainder when 469915 is divided by 15663.
25
What is the remainder when 634232 is divided by 2923?
2864
What is the remainder when 3120085 is divided by 193?
47
What is the remainder when 472214 is divided by 571?
568
What is the remainder when 642231 is divided by 640978?
1253
Calculate the remainder when 7000655 is divided by 908.
883
Calculate the remainder when 4761487 is divided by 5871.
106
Calculate the remainder when 16765399 is divided by 393.
19
What is the remainder when 5639 is divided by 1090?
189
What is the remainder when 40775 is divided by 40395?
380
What is the remainder when 59562 is divided by 8367?
993
Calculate the remainder when 89259 is divided by 4945.
249
Calculate the remainder when 244289 is divided by 48857.
4
Calculate the remainder when 7488398 is divided by 97.
95
Calculate the remainder when 3869067 is divided by 10.
7
What is the remainder when 1475932603 is divided by 1113?
1111
Calculate the remainder when 848435 is divided by 827.
760
Calculate the remainder when 18657710 is divided by 1759.
1756
What is the remainder when 44956 is divided by 2291?
1427
Calculate the remainder when 1852 is divided by 1290.
562
What is the remainder when 5803520 is divided by 3161?
3085
Calculate the remainder when 163226 is divided by 20.
6
Calculate the remainder when 683076 is divided by 68304.
36
Calculate the remainder when 4993587 is divided by 4611.
4485
What is the remainder when 15857935 is divided by 446?
405
What is the remainder when 56155842 is divided by 121?
105
What is the remainder when 2190095 is divided by 731?
19
What is the remainder when 279 is divided by 150?
129
Calculate the remainder when 1307579 is divided by 435843.
50
Calculate the remainder when 2496357 is divided by 4719.
6
What is the remainder when 390850 is divided by 208?
18
Calculate the remainder when 38373 is divided by 2716.
349
What is the remainder when 29358 is divided by 4667?
1356
Calculate the remainder when 7598843 is divided by 619.
618
What is the remain